{"id":47,"date":"2022-01-03T17:52:47","date_gmt":"2022-01-03T16:52:47","guid":{"rendered":"http:\/\/thoma-reisemobile.de\/?page_id=47"},"modified":"2022-01-03T17:52:47","modified_gmt":"2022-01-03T16:52:47","slug":"datenschutzerklaerung","status":"publish","type":"page","link":"https:\/\/thoma-reisemobile.de\/?page_id=47","title":{"rendered":"Datenschutzerkl\u00e4rung"},"content":{"rendered":"\n<p>Der Schutz Ihrer Daten im Internet ist gerade heute besonders wichtig geworden. Der<br>Betreiber dieser Seiten nimmt den Schutz ihrer pers\u00f6nlichen Daten sehr ernst und<br>behandelt Ihre personenbezogenen Daten vertraulich und entsprechend der<br>gesetzlichen Datenschutzvorschriften, sowie der Datenschutzerkl\u00e4rung.<br>Die Erhebung und Verarbeitung Ihrer Daten erfolgt ausnahmslos innerhalb der<br>gesetzlichen Vorschriften des Datenschutzrechts der Bundesrepublik Deutschland.<br>Es wird darauf hingewiesen, dass die Daten\u00fcbertragung im Internet (z.B. bei der<br>Kommunikation per E-Mail) Sicherheitsl\u00fccken aufweisen kann. Ein l\u00fcckenloser Schutz<br>der Daten vor dem Zugriff durch Dritte ist nicht m\u00f6glich.<br>Im Folgenden wird Ihnen ein \u00dcberblick dar\u00fcber gegeben wie wir den Schutz Ihrer<br>Daten sicherstellen, welche Arten von Daten von uns zu welchem Zweck erhoben<br>werden und wie wir diese weiterverarbeiten.<\/p>\n\n\n\n<p><strong>1. Daten\u00fcbermittlung\/Datenprotokollierung<\/strong><br>Generell m\u00fcssen Sie sich nicht registrieren um unsere Angebote und Informationen zu<br>nutzen.<br>Beim Aufruf unserer Seite werden keinerlei personenbezogene Daten von Ihnen<br>erfasst. Beim Besuch dieser Seite verzeichnet der Web-Server automatisch Log-Files,<br>die keiner bestimmten Person zugeordnet werden k\u00f6nnen. Diese Daten beinhalten z.B.<br>den Browsertyp und \u2013version, verwendetes Betriebssystem, Referre URL (die zuvor<br>besuchte Seite), IP-Adresse des anfragenden Rechners, Zugriffsdatum und \u2013uhrzeit der<br>Serveranfrage und die Dateianfrage des Client (Dateiname und URL). Diese Daten<br>werden nur zum Zweck der statistischen Auswertung gesammelt. Eine Weitergabe an<br>Dritte, zu kommerziellen oder nichtkommerziellen Zwecken, findet nicht statt.<\/p>\n\n\n\n<p><strong>2. Nutzung pers\u00f6nlicher Daten<\/strong><br>Pers\u00f6nliche Daten werden nur erhoben oder verarbeitet, wenn Sie diese Angaben<br>freiwillig, z.B. im Rahmen einer Anfrage mitteilen. Sofern keine erforderlichen Gr\u00fcnde<br>im Zusammenhang mit einer Gesch\u00e4ftsabwicklung bestehen, k\u00f6nnen Sie jederzeit die<br>zuvor erteilte Genehmigung Ihrer pers\u00f6nlichen Datenspeicherung mit sofortiger<br>Wirkung schriftlich oder per E-Mail unter info@thoma-reisemobile.de widerrufen. Ihre<br>Daten werden nicht an Dritte weitergeben, es sei denn, eine Weitergabe ist aufgrund<br>gesetzlicher Vorschriften erforderlich.<\/p>\n\n\n\n<p><strong>3. Umgang mit personenbezogenen Daten<\/strong><br>Der Websitebetreiber erhebt, nutzt und gibt Ihre personenbezogenen Daten nur dann<br>weiter, wenn dies im gesetzlichen Rahmen erlaubt ist oder Sie in die Datenerhebung<br>einwilligen.<br>Als personenbezogene Daten gelten s\u00e4mtliche Informationen, welche dazu dienen, Ihre<br>Person zu bestimmen und welche zu Ihnen zur\u00fcckverfolgt werden k\u00f6nnen \u2013 also<br>beispielsweise Ihr Name, Ihre E-Mail-Adresse und Telefonnummer etc..<\/p>\n\n\n\n<p><strong>4. Auskunft, \u00c4nderung und L\u00f6schung Ihrer Daten<\/strong><br>Sie haben jederzeit das Recht auf unentgeltliche Auskunft \u00fcber Ihre gespeicherten<br>personenbezogenen Daten. Eine entsprechende Mitteilung hierzu erhalten Sie<br>umgehend. Sofern Ihr Wunsch nicht mit einer gesetzlichen Pflicht zur Aufbewahrung<br>von Daten (z.B. Vorratsdatenspeicherung) kollidiert, haben Sie Anrecht auf<br>Berichtigung falscher Daten und auf die Sperrung oder L\u00f6schung Ihrer<br>personenbezogenen Daten.<\/p>\n\n\n\n<p><strong>5. Sicherheit Ihrer Daten<\/strong><br>Ihre uns zur Verf\u00fcgung gestellten pers\u00f6nlichen _Daten werden durch Ergreifung aller<br>technischen sowie organisatorischen Sicherheitsma\u00dfnahmen so gesichert, dass sie f\u00fcr<br>den Zugriff unberechtigter Dritter unzug\u00e4nglich sind. Bei Versendung von sehr<br>sensiblen Daten oder Informationen ist es empfehlenswert, den Postweg zu nutzen, da<br>eine vollst\u00e4ndige Datensicherheit per E-Mail nicht gew\u00e4hrleitstet werden kann.<\/p>\n\n\n\n<p><strong>6. Links zu Dritten<\/strong><br>Unser Angebot kann Links zu anderen Webseiten enthalten. Bitte beachten Sie hierbei,<br>dass diese Seiten nicht dieser Datenschutzerkl\u00e4rung unterliegen. F\u00fcr den Inhalt der<br>verlinkten Seiten ist stets und ausschlie\u00dflich der Seitenbetreiber oder -anbieter<br>verantwortlich.<br>Wir \u00fcbernehmen keine Verantwortung \u00fcber Speicherung und Verwendung von Ihren<br>Daten auf Servern von Dritten. Es wird empfohlen, dass Sie sich, bevor Sie auf Seiten<br>Dritter t\u00e4tig werden, deren Datenschutzerkl\u00e4rung durchlesen.<\/p>\n\n\n\n<p><strong>7. Cookies<\/strong><br>Cookies sind kleine Informationstextdateien, die zur Identifizierung auf Ihrem<br>Computer durch Ihren Browser hinterlegt werden k\u00f6nnen. Cookies sind f\u00fcr Sie<br>unsch\u00e4dlich und enthalten keine Viren.<br>Der Gro\u00dfteil der verwendeten Cookies sind sog. \u201eSession-Cookies\u201c und werden nur<br>tempor\u00e4r w\u00e4hrend der Nutzung unseres Angebots auf Ihrem Computer gespeichert.<br>Nach Beendigung Ihres Besuches werden diese automatisch gel\u00f6scht. Andere Cookies<br>bleiben auf Ihrem Endger\u00e4t gespeichert, bis Sie diese selbst l\u00f6schen. Cookies<br>erm\u00f6glichen es uns, ihren Browser beim n\u00e4chsten Besuch wiederzuerkennen.<\/p>\n\n\n\n<p>Sie k\u00f6nnen Ihren Browser so einstellen, dass Sie \u00fcber das Setzen von Cookies<br>informiert werden. Des Weiteren k\u00f6nnen Sie die L\u00f6schung von Cookies beim<br>Schlie\u00dfen des Browser aktivieren. Falls Sie die automatische \u00dcbermittlung<br>\u00fcberwachen m\u00f6chten, k\u00f6nnen Sie dies in den Einstellungen Ihres Browsers aktivieren.<\/p>\n\n\n\n<p><strong>8. Werbung<\/strong><br>Der Betreiber der Seite widerspricht ausdr\u00fccklich der Zusendung von Werbung<br>aufgrund der im Rahmen der Impressumspflicht ver\u00f6ffentlichten Daten und beh\u00e4lt sich<br>im Falle der unverlangten Zusendung von Werbeinformationen ausdr\u00fccklich rechtliche<br>Schritte vor.<\/p>\n\n\n\n<p><strong>9. \u00c4nderungen dieser Datenschutzbestimmungen<\/strong><br>Wir werden diese Richtlinien zum Schutz Ihrer pers\u00f6nlichen Daten von Zeit zu Zeit<br>aktualisieren. Sie sollten sich diese Richtlinien gelegentlich ansehen, um auf den<br>Laufenden dar\u00fcber zu bleiben, wie wir Ihre Daten sch\u00fctzen und die Inhalte unserer<br>Website stetig verbessern. Sollten wir wesentliche \u00c4nderungen bei der Sammlung, der<br>Nutzung und\/oder der Weitergabe der uns von Ihnen zur Verf\u00fcgung gestellten<br>personenbezogenen Daten vornehmen, werden wir Sie durch einen eindeutigen und<br>gut sichtbaren Hinweis auf der Website darauf aufmerksam machen. Mit der Nutzung<br>der Webseite erkl\u00e4ren Sie sich mit den Bedingungen dieser Richtlinien zum Schutz<br>pers\u00f6nlicher Daten einverstanden.<br>Bei Fragen zu diesen Datenschutzbestimmungen k\u00f6nnen Sie uns jederzeit<br>kontaktieren.<\/p>\n","protected":false},"excerpt":{"rendered":"<p>Der Schutz Ihrer Daten im Internet ist gerade heute besonders wichtig geworden. DerBetreiber dieser Seiten nimmt den Schutz ihrer pers\u00f6nlichen Daten sehr ernst undbehandelt Ihre personenbezogenen Daten vertraulich und entsprechend dergesetzlichen Datenschutzvorschriften, sowie der Datenschutzerkl\u00e4rung.Die Erhebung und Verarbeitung Ihrer Daten erfolgt ausnahmslos innerhalb dergesetzlichen Vorschriften des Datenschutzrechts der Bundesrepublik Deutschland.Es wird darauf hingewiesen, dass die [&hellip;]<\/p>\n","protected":false},"author":1,"featured_media":0,"parent":0,"menu_order":0,"comment_status":"closed","ping_status":"closed","template":"","meta":{"footnotes":""},"class_list":["post-47","page","type-page","status-publish","hentry"],"_links":{"self":[{"href":"https:\/\/thoma-reisemobile.de\/index.php?rest_route=\/wp\/v2\/pages\/47","targetHints":{"allow":["GET"]}}],"collection":[{"href":"https:\/\/thoma-reisemobile.de\/index.php?rest_route=\/wp\/v2\/pages"}],"about":[{"href":"https:\/\/thoma-reisemobile.de\/index.php?rest_route=\/wp\/v2\/types\/page"}],"author":[{"embeddable":true,"href":"https:\/\/thoma-reisemobile.de\/index.php?rest_route=\/wp\/v2\/users\/1"}],"replies":[{"embeddable":true,"href":"https:\/\/thoma-reisemobile.de\/index.php?rest_route=%2Fwp%2Fv2%2Fcomments&post=47"}],"version-history":[{"count":1,"href":"https:\/\/thoma-reisemobile.de\/index.php?rest_route=\/wp\/v2\/pages\/47\/revisions"}],"predecessor-version":[{"id":48,"href":"https:\/\/thoma-reisemobile.de\/index.php?rest_route=\/wp\/v2\/pages\/47\/revisions\/48"}],"wp:attachment":[{"href":"https:\/\/thoma-reisemobile.de\/index.php?rest_route=%2Fwp%2Fv2%2Fmedia&parent=47"}],"curies":[{"name":"wp","href":"https:\/\/api.w.org\/{rel}","templated":true}]}}